8?
2, 7, 19, 43, 73
What are the prime factors of 116312?
2, 7, 31, 67
What are the prime factors of 1582694?
2, 791347
What are the prime factors of 192830?
2, 5, 11, 1753
List the prime factors of 848751.
3, 282917
List the prime factors of 486888.
2, 3, 20287
What are the prime factors of 7405838?
2, 11, 31, 10859
List the prime factors of 368557.
7, 37, 1423
List the prime factors of 1059094.
2, 529547
List the prime factors of 179893.
7, 31, 829
What are the prime factors of 15804175?
5, 89, 7103
List the prime factors of 7026779.
691, 10169
What are the prime factors of 126110?
2, 5, 12611
List the prime factors of 20353877.
20353877
What are the prime factors of 1029717?
3, 13, 677
List the prime factors of 42155599.
157, 268507
What are the prime factors of 84032?
2, 13, 101
List the prime factors of 121168.
2, 7573
List the prime factors of 9137694.
2, 3, 659, 2311
List the prime factors of 10165531.
10165531
List the prime factors of 885053.
13, 5237
List the prime factors of 129374.
2, 7, 9241
List the prime factors of 417342.
2, 3, 69557
List the prime factors of 552493.
552493
What are the prime factors of 196299?
3, 17, 1283
List the prime factors of 11657163.
3, 7, 389, 1427
What are the prime factors of 4975522?
2, 619, 4019
What are the prime factors of 517455?
3, 5, 3833
List the prime factors of 592491.
3, 41, 4817
What are the prime factors of 496560?
2, 3, 5, 2069
What are the prime factors of 3626189?
7, 29, 17863
List the prime factors of 2835660.
2, 3, 5, 167, 283
List the prime factors of 13057431.
3, 4352477
List the prime factors of 339944.
2, 11, 3863
What are the prime factors of 6066708?
2, 3, 505559
List the prime factors of 10623.
3, 3541
What are the prime factors of 306536?
2, 38317
List the prime factors of 996412.
2, 249103
List the prime factors of 257932.
2, 64483
List the prime factors of 1075677.
3, 367, 977
What are the prime factors of 36815323?
131, 281033
List the prime factors of 9146943.
3, 13, 78179
What are the prime factors of 375794?
2, 187897
List the prime factors of 1386046.
2, 41, 16903
List the prime factors of 6574087.
13, 17, 151, 197
What are the prime factors of 1207905?
3, 5, 80527
What are the prime factors of 4772460?
2, 3, 5, 7, 11, 1033
List the prime factors of 155644.
2, 167, 233
List the prime factors of 270645.
3, 5, 18043
List the prime factors of 1368331.
1368331
What are the prime factors of 5034905?
5, 19, 52999
What are the prime factors of 331243?
11, 30113
List the prime factors of 70191.
3, 11, 709
What are the prime factors of 11188?
2, 2797
What are the prime factors of 1015901?
31, 32771
What are the prime factors of 5022225?
3, 5, 13, 17, 101
What are the prime factors of 234582?
2, 3, 39097
What are the prime factors of 530414?
2, 265207
List the prime factors of 102511.
23, 4457
List the prime factors of 1107311.
457, 2423
List the prime factors of 6905632.
2, 215801
List the prime factors of 446552.
2, 55819
List the prime factors of 3300023.
17, 194119
What are the prime factors of 2166?
2, 3, 19
What are the prime factors of 165742?
2, 79, 1049
List the prime factors of 2528729.
7, 19, 19013
List the prime factors of 5928691.
1051, 5641
List the prime factors of 598765.
5, 31, 3863
What are the prime factors of 11564762?
2, 11, 525671
What are the prime factors of 718453?
718453
List the prime factors of 2280826.
2, 1140413
List the prime factors of 1459528.
2, 7, 67, 389
List the prime factors of 356615.
5, 7, 23, 443
List the prime factors of 81477.
3, 11, 823
What are the prime factors of 808334?
2, 404167
What are the prime factors of 178154?
2, 281, 317
List the prime factors of 227496.
2, 3, 9479
What are the prime factors of 2031129?
3, 75227
List the prime factors of 154696.
2, 61, 317
List the prime factors of 3638086.
2, 1819043
List the prime factors of 988567.
17, 58151
What are the prime factors of 9189547?
31, 296437
List the prime factors of 559567.
23, 24329
List the prime factors of 211849.
11, 19259
What are the prime factors of 3224858?
2, 7, 13, 29, 47
List the prime factors of 104939.
101, 1039
List the prime factors of 107501.
193, 557
List the prime factors of 18501145.
5, 13, 284633
List the prime factors of 2061297.
3, 7, 32719
What are the prime factors of 1872059?
7, 31, 8627
List the prime factors of 258726.
2, 3, 13, 31, 107
List the prime factors of 3758028.
2, 3, 43, 7283
What are the prime factors of 10968266?
2, 5484133
What are the prime factors of 12449841?
3, 4149947
List the prime factors of 5177199.
3, 53, 32561
What are the prime factors of 166254?
2, 3, 11, 229
What are the prime factors of 4439236?
2, 19, 58411
What are the prime factors of 325278?
2, 3, 17, 1063
List the prime factors of 11736201.
3, 269, 14543
List the prime factors of 2328394.
2, 131, 8887
What are the prime factors of 201499?
201499
List the prime factors of 5043873.
3, 19, 107, 827
List the prime factors of 629452.
2, 157363
What are the prime factors of 1364272?
2, 7, 13, 937
What are the prime factors of 13417646?
2, 11, 587, 1039
What are the prime factors of 1091727?
3, 7, 13, 31, 43
List the prime factors of 20425409.
769, 26561
List the prime factors of 726177.
3, 242059
What are the prime factors of 3090565?
5, 61, 10133
List the prime factors of 18235698.
2, 3, 13, 43, 5437
List the prime factors of 100303.
7, 23, 89
What are the prime factors of 502315?
5, 11, 9133
List the prime factors of 1110879.
3, 7, 11, 229
What are the prime factors of 92296?
2, 83, 139
List the prime factors of 1203275.
5, 48131
List the prime factors of 10570441.
7, 19, 47, 89
List the prime factors of 1662332.
2, 7, 59369
List the prime factors of 1020800.
2, 5, 11, 29
List the prime factors of 1796091.
3, 11, 37, 1471
List the prime factors of 1000424.
2, 125053
What are the prime factors of 79723?
7, 1627
What are the prime factors of 1022572?
2, 151, 1693
List the prime factors of 2293363.
53, 43271
List the prime factors of 3113329.
17, 43, 4259
What are the prime factors of 1214711?
1214711
What are the prime factors of 2664802?
2, 7, 131, 1453
List the prime factors of 268828.
2, 7, 9601
What are the prime factors of 1850845?
5, 370169
What are the prime factors of 557828?
2, 139457
What are the prime factors of 8717903?
19, 37, 12401
List the prime factors of 3367261.
61, 55201
What are the prime factors of 353743?
13, 27211
List the prime factors of 1615091.
101, 15991
What are the prime factors of 1809805?
5, 361961
List the prime factors of 8688778.
2, 7, 88661
List the prime factors of 760529.
7, 11, 17, 83
What are the prime factors of 72295?
5, 19, 761
List the prime factors of 6698301.
3, 113, 19759
List the prime factors of 33216481.
33216481
List the prime factors of 196722.
2, 3, 3643
List the prime factors of 3756723.
3, 607, 2063
What are the prime factors of 116514?
2, 3, 6473
What are the prime factors of 586886?
2, 71, 4133
List the prime factors of 9379.
83, 113
What are the prime factors of 8280207?
3, 13, 17, 23, 181
What are the prime factors of 5002341?
3, 1667447
What are the prime factors of 1004052?
2, 3, 7, 11953
What are the prime factors of 654866?
2, 327433
What are the prime factors of 11286524?
2, 197, 14323
List the prime factors of 375736.
2, 67, 701
What are the prime factors of 5383883?
17, 316699
List the prime factors of 15824293.
109, 145177
List the prime factors of 106724.
2, 26681
List the prime factors of 309971.
23, 13477
What are the prime factors of 535145?
5, 13, 8233
What are the prime factors of 1493209?
37, 40357
What are the prime factors of 1285731?
3, 373, 383
List the prime factors of 86874.
2, 3, 14479
What are the prime factors of 176883?
3, 7, 8423
What are the prime factors of 86696?
2, 10837
What are the prime factors of 33013113?
3, 7, 224579
List the prime factors of 31767697.
13, 137, 17837
What are the prime factors of 13123292?
2, 7, 13, 31, 1163
What are the prime factors of 176057?
7, 3593
List the prime factors of 11693819.
3083, 3793
What are the prime factors of 676421?
676421
What are the prime factors of 1210176?
2, 3, 11, 191
What are the prime factors of 2680669?
349, 7681
List the prime factors of 40249.
11, 3659
What are the prime factors of 6646960?
2, 5, 19, 4373
List the prime 